.
1310
What is the remainder when 157259 is divided by 52417?
8
Calculate the remainder when 91454 is divided by 8308.
66
What is the remainder when 7834 is divided by 7700?
134
What is the remainder when 138477 is divided by 120?
117
Calculate the remainder when 15691 is divided by 36.
31
What is the remainder when 157041 is divided by 268?
261
What is the remainder when 111171 is divided by 13896?
3
Calculate the remainder when 18750 is divided by 2676.
18
Calculate the remainder when 2945 is divided by 861.
362
What is the remainder when 19778 is divided by 134?
80
Calculate the remainder when 1051046 is divided by 581.
17
What is the remainder when 523 is divided by 252?
19
Calculate the remainder when 16995 is divided by 42.
27
What is the remainder when 204 is divided by 20?
4
What is the remainder when 14965 is divided by 366?
325
What is the remainder when 6636 is divided by 1500?
636
Calculate the remainder when 1206890 is divided by 37.
24
What is the remainder when 2496 is divided by 1138?
220
Calculate the remainder when 12850 is divided by 1.
0
What is the remainder when 26575 is divided by 176?
175
Calculate the remainder when 55294 is divided by 331.
17
Calculate the remainder when 22579 is divided by 11282.
15
What is the remainder when 15070 is divided by 15016?
54
What is the remainder when 12508 is divided by 129?
124
Calculate the remainder when 2202 is divided by 159.
135
Calculate the remainder when 1813 is divided by 881.
51
Calculate the remainder when 101130 is divided by 46.
22
Calculate the remainder when 2842 is divided by 486.
412
What is the remainder when 710929 is divided by 55?
54
What is the remainder when 1965 is divided by 323?
27
Calculate the remainder when 50081 is divided by 10015.
6
What is the remainder when 38995 is divided by 6495?
25
What is the remainder when 46477 is divided by 83?
80
Calculate the remainder when 45068 is divided by 311.
284
Calculate the remainder when 146433 is divided by 48795.
48
Calculate the remainder when 33522 is divided by 607.
137
What is the remainder when 732848 is divided by 1311?
1310
What is the remainder when 4640 is divided by 549?
248
What is the remainder when 5051 is divided by 186?
29
What is the remainder when 2812 is divided by 1286?
240
Calculate the remainder when 345470 is divided by 10.
0
Calculate the remainder when 13866 is divided by 163.
11
What is the remainder when 6727 is divided by 1661?
83
What is the remainder when 2162 is divided by 432?
2
Calculate the remainder when 86799 is divided by 175.
174
Calculate the remainder when 161534 is divided by 64.
62
What is the remainder when 13649 is divided by 76?
45
Calculate the remainder when 3274 is divided by 143.
128
Calculate the remainder when 9447 is divided by 160.
7
What is the remainder when 253664 is divided by 15853?
16
Calculate the remainder when 14713 is divided by 14644.
69
Calculate the remainder when 185190 is divided by 361.
358
Calculate the remainder when 4711 is divided by 110.
91
What is the remainder when 89389 is divided by 296?
293
Calculate the remainder when 1200 is divided by 1178.
22
Calculate the remainder when 1911 is divided by 213.
207
What is the remainder when 104929 is divided by 42?
13
What is the remainder when 25044 is divided by 101?
97
Calculate the remainder when 258652 is divided by 322.
86
What is the remainder when 4929 is divided by 40?
9
What is the remainder when 1268 is divided by 167?
99
What is the remainder when 909220 is divided by 2583?
4
Calculate the remainder when 455536 is divided by 20.
16
What is the remainder when 1760501 is divided by 15?
11
Calculate the remainder when 8109 is divided by 286.
101
Calculate the remainder when 2047416 is divided by 59.
57
What is the remainder when 192143 is divided by 23?
1
Calculate the remainder when 6713 is divided by 61.
3
What is the remainder when 1076 is divided by 3?
2
What is the remainder when 80038 is divided by 987?
91
Calculate the remainder when 6405 is divided by 462.
399
What is the remainder when 2890 is divided by 390?
160
Calculate the remainder when 7836 is divided by 2610.
6
What is the remainder when 1608 is divided by 131?
36
Calculate the remainder when 72794 is divided by 69.
68
Calculate the remainder when 162 is divided by 93.
69
Calculate the remainder when 4268 is divided by 1305.
353
What is the remainder when 8926 is divided by 184?
94
Calculate the remainder when 4552 is divided by 142.
8
Calculate the remainder when 27640 is divided by 512.
504
Calculate the remainder when 49679 is divided by 144.
143
What is the remainder when 6906 is divided by 16?
10
What is the remainder when 199405 is divided by 16?
13
What is the remainder when 6074 is divided by 1517?
6
Calculate the remainder when 78245 is divided by 414.
413
What is the remainder when 343 is divided by 158?
27
What is the remainder when 6623 is divided by 6573?
50
Calculate the remainder when 27839 is divided by 154.
119
Calculate the remainder when 4742 is divided by 2361.
20
Calculate the remainder when 33480 is divided by 105.
90
Calculate the remainder when 2297 is divided by 2276.
21
What is the remainder when 162927 is divided by 308?
303
Calculate the remainder when 10153 is divided by 75.
28
What is the remainder when 70883 is divided by 99?
98
Calculate the remainder when 3402 is divided by 226.
12
What is the remainder when 4657 is divided by 209?
59
Calculate the remainder when 3734 is divided by 17.
11
Calculate the remainder when 243316 is divided by 20.
16
Calculate the remainder when 1933216 is divided by 121.
120
Calculate the remainder when 12146 is divided by 1039.
717
What is the remainder when 5289 is divided by 2545?
199
Calculate the remainder when 65482 is divided by 642.
640
Calculate the remainder when 16047 is divided by 5044.
915
Calculate the remainder when 47981 is divided by 47.
41
What is the remainder when 38210 is divided by 210?
200
What is the remainder when 2077 is divided by 1987?
90
What is the remainder when 167927 is divided by 16792?
7
Calculate the remainder when 7485 is divided by 8.
5
What is the remainder when 4439 is divided by 298?
267
What is the remainder when 56246 is divided by 264?
14
What is the remainder when 16897 is divided by 2096?
129
Calculate the remainder when 19384 is divided by 6429.
97
Calculate the remainder when 411 is divided by 181.
49
Calculate the remainder when 5310 is divided by 86.
64
Calculate the remainder when 1837 is divided by 843.
151
What is the remainder when 1175 is divided by 398?
379
What is the remainder when 3952 is divided by 656?
16
Calculate the remainder when 4169 is divided by 1385.
14
Calculate the remainder when 2823 is divided by 99.
51
Calculate the remainder when 1853 is divided by 464.
461
Calculate the remainder when 816 is divided by 96.
48
What is the remainder when 913 is divided by 337?
239
Calculate the remainder when 31284 is divided by 29.
22
What is the remainder when 24877 is divided by 58?
53
Calculate the remainder when 78317 is divided by 44.
41
Calculate the remainder when 11267 is divided by 262.
1
What is the remainder when 1945206 is divided by 34?
32
Calculate the remainder when 78178 is divided by 39089.
0
What is the remainder when 22922 is divided by 881?
16
What is the remainder when 1847 is divided by 803?
241
What is the remainder when 9549 is divided by 100?
49
What is the remainder when 7539 is divided by 244?
219
What is the remainder when 31016 is divided by 1769?
943
What is the remainder when 1942 is divided by 93?
82
Calculate the remainder when 2612596 is divided by 67.
65
What is the remainder when 232877 is divided by 21169?
18
Calculate the remainder when 2732 is divided by 478.
342
What is the remainder when 122112 is divided by 50?
12
Calculate the remainder when 1151168 is divided by 418.
414
What is the remainder when 1646 is divided by 269?
32
Calculate the remainder when 96205 is divided by 208.
109
What is the remainder when 651 is divided by 321?
9
Calculate the remainder when 252199 is divided by 485.
484
What is the remainder when 10912 is divided by 908?
16
Calculate the remainder when 178 is divided by 5.
3
Calculate the remainder when 145921 is divided by 72954.
13
Calc